 + -4)/(-2) + (2 - -1)?
2
Let c be 90 - -6*(-1)/(-4)*2. Let h = 146 - c. What is the tens digit of h?
5
Suppose -5*n - 2*w - 135 = 0, 3*w + 52 + 38 = -3*n. What is the units digit of 3 - (-560)/6*(-30)/n?
5
Let c(y) = -y**3 + 22*y**2 - y + 27. Let j be c(22). Suppose -j*w = -776 - 3329. What is the tens digit of w?
2
Let n(d) be the third derivative of 0 + 0*d - 7*d**2 + d**3 + 1/24*d**4. What is the units digit of n(8)?
4
Let n be 2915 - (-1 + 5/(-1) - -3). Suppose 5*d = n + 547. What is the hundreds digit of d?
6
Suppose 8*s - 39 = -15. Suppose 0 = s*b - 10*b + 2247. What is the units digit of b?
1
Let a = 34486 - -12702. What is the thousands digit of a?
7
What is the hundreds digit of ((-15)/12 - (-57)/12)*-1*-13368?
7
Suppose 7*z + 2*x = 10*z - 4736, 0 = 5*z + x - 7902. What is the tens digit of z?
8
Let k(m) be the third derivative of -m**7/560 - 2*m**6/45 + m**5/15 + 17*m**2. Let r(o) be the third derivative of k(o). What is the tens digit of r(-12)?
7
Let w(r) = -2*r**3 - 2*r**2 - 4*r + 17. Let k be w(6). Let u = 1408 + k. What is the hundreds digit of u?
8
Let w(t) = 48*t**2 - 111*t - 1438. What is the tens digit of w(-12)?
0
Let a(w) = -w**2 - 39*w + 177. Let t be a(-43). Suppose 4*f + t*r - 208 = 0, -136 = -3*f - 5*r + 25. What is the units digit of f?
7
Let g = -3200 + 20300. What is the ten thousands digit of g?
1
Suppose 0 = -4*l + t + 29218, 10*l - 3*t - 29222 = 6*l. What is the hundreds digit of l?
3
Suppose 5*a - 188680 = -859*f + 856*f, -3*a + 4*f + 113237 = 0. What is the tens digit of a?
3
Suppose 52*k + 23*k = 14257 + 641093. What is the thousands digit of k?
8
What is the ten thousands digit of ((-344063)/51 + -19)/((-6)/9)?
1
Let w = -209 + 335. Suppose -17*x + 861 = 24*x. Suppose -z + x = -w. What is the hundreds digit of z?
1
Let n(m) = m**3 + 16*m**2 - 36*m - 2. Let z be n(-18). Let s be 5/((-15)/(-12)) + -79. What is the tens digit of (-7400)/s*(-3)/z?
4
Let t(v) be the first derivative of v**2/2 - v + 14. Let k be t(4). Suppose -38 = -3*g + n, -5*g + 27 = k*n - 13. What is the units digit of g?
1
Let w = -64 - -68. What is the hundreds digit of (-81783)/(-189) - w/(-14) - -3?
4
Suppose -9558 = -0*x + 18*x. Let f = 948 + x. What is the units digit of f?
7
Suppose 30*a + 5*s - 101626 = 27*a, s = -5*a + 169362. What is the ten thousands digit of a?
3
Let c be (82/(-8))/((-1)/(-12)). Let g = -63 - c. Let f = g - 15. What is the tens digit of f?
4
Let k(y) = y**2 - 19*y + 39. Let q be k(17). Suppose q*h + 2*d + 860 = 2459, h + 2*d - 323 = 0. Suppose h = -4*p + 1399. What is the tens digit of p?
7
Let a(y) = -14*y + 4. Let q(j) = j**2 + j + 1. Let i(v) = -v**2 + 7*v - 11. Let x(s) = -i(s) - 3*q(s). Let n be x(-6). What is the tens digit of a(n)?
6
Let k(m) = -2*m + 2. Let u be k(10). Let v = 21 + u. Suppose 3*x - 296 = x - 4*q, -2*x = -v*q - 289. What is the hundreds digit of x?
1
Suppose 3*k = -s + 4 + 4, 6 = -2*k. Let g(m) = 2*m**2 - 3*m + 71. What is the hundreds digit of g(s)?
5
Let f = 142 + -340. Let a = -134 - f. Suppose -p + 4 = -a. What is the tens digit of p?
6
Let w(z) = 5*z**2 + 16*z - 183. Let r be w(9). Suppose -r = 3*b - 2655. What is the units digit of b?
3
Let h(q) = -q**2 - 34*q + 2194. What is the thousands digit of h(0)?
2
Let b = -3489 - -1733. Let k be ((-42)/10 - -3)/(2/10). What is the units digit of (k/(-33))/1 + b/(-22)?
0
Let v(h) = -8698*h - 16323. What is the ten thousands digit of v(-9)?
6
Suppose -2*c - 24 = -u, -3 = -0*c + 3*c. Let i(j) = j - 57. Let s(y) = -2*y - 1. Let p(d) = i(d) - 4*s(d). What is the hundreds digit of p(u)?
1
Let p = 835 + -1486. Let t = p - -1209. What is the tens digit of t?
5
Suppose 5*r - 47516 = 2*j, r + 4*j - 3198 = 6314. What is the thousands digit of r?
9
Suppose -p - 3 = 0, 1317 + 3152 = 4*l - 3*p. What is the units digit of l?
5
Suppose -5*f - 14*s + 9*s = 65, 3*s = -2*f - 21. Suppose -1 = 4*j - 21. What is the units digit of f/(-2)*5/j?
9
Suppose 53*f - 270000 = 28*f. What is the units digit of f?
0
Let v = -35 - -75. Let t be (10/v)/(1/12). Suppose 3*x + 12 = 0, 0 = -0*p - t*p - x + 158. What is the tens digit of p?
5
Let o(l) = 52*l**2 + 5*l + 18. Suppose 45 - 47 = m. What is the units digit of o(m)?
6
Let v(y) = y**3 + y**2 - 15*y + 11. Let s be v(4). Suppose s*c = 16*c + 10425. What is the units digit of c?
5
Let j = 498 + -528. What is the units digit of (12/j + (-6)/60)*-158?
9
Suppose 5*m = 2*z - 54263, -2*z + 148*m + 54268 = 144*m. What is the ten thousands digit of z?
2
Let v(t) = 46467*t**2 - 332*t + 331. What is the hundreds digit of v(1)?
4
Suppose 3*u = 920*s - 917*s - 56541, 3*s - 56555 = u. What is the tens digit of s?
5
What is the units digit of -31662*(39/26)/(-3)?
1
Let p(f) = -2*f**3 + 6*f**2 + 36*f + 210. What is the thousands digit of p(-10)?
2
Let f(j) = j**3 - j**2 - 3*j + 2. Let s be f(2). Let u be -12 + s + 17 + -21. Let y = 25 + u. What is the units digit of y?
9
Suppose -3*c = -8*c + 45. Suppose -11*f + 282 = -c*f. What is the units digit of f/2*(-1)/(6/(-4))?
7
What is the hundreds digit of 9986 + 10/50*-55?
9
Let n(r) = -119*r - 52*r + 13 + 51*r - 78*r. What is the units digit of n(-1)?
1
Suppose -36*l + 34*l = 772. Let a = 585 + l. What is the hundreds digit of a?
1
Let i = -3649 - -16261. What is the hundreds digit of i?
6
What is the hundreds digit of (154/6)/((15 - -6)/30933)?
8
Suppose 11*c - 6830 - 7591 = 0. What is the hundreds digit of c?
3
Let y(z) = -2*z**3 - 7*z**2 - 9*z + 5. Let w be ((-1)/(-4) + (-116)/16)*1. What is the tens digit of y(w)?
1
Suppose -u + 0*s + 30 = 2*s, -4*s + 82 = 3*u. Let q be (-4)/u - (6 + (-299)/11). What is the units digit of 0 + 4/(-14) + 1833/q?
7
Let c(z) = 2*z - 15. Let u = 2 + 6. Let r be c(u). What is the tens digit of (-94)/(-6) - (2/3 - r)?
1
Suppose 482273 = 28*c + 12349. What is the thousands digit of c?
6
Let g(y) = 224*y + 1516. What is the tens digit of g(5)?
3
Suppose 60 - 20 = 2*f. Suppose b = 5*b - f. Suppose 2*v + 122 = b*q, -2*q + 28 = -3*v - 12. What is the units digit of q?
6
Let d be 2/(-12) + (-2 - 62/(-12)). Suppose -3 + 3 = -12*i. Suppose 2*n + x + d*x = 302, 3*x - 9 = i. What is the hundreds digit of n?
1
What is the hundreds digit of 988023/25 + 336/4200?
5
Let u = -66 - -1729. Suppose -2*c + q + 1661 = 0, u = -4*c + 6*c - 3*q. What is the units digit of c?
0
Let j be 18/4 + (-8)/(-16). Let u be (-2 - 4) + 3 + j. Suppose -64 = -u*y + 72. What is the units digit of y?
8
Let m(c) = -c**3 + 11*c**2 + 3*c - 4. Let n be m(5). Let g = -157 + n. What is the units digit of g?
4
Let n(h) = 5*h - 30. Let r be n(11). Suppose -4*z = 2*l - 14, 5*z - 4*l = 12 + r. Suppose -37 = -i - z*y, 4*i - y - 159 = i. What is the tens digit of i?
5
Let y(j) = 9*j - 43. Let b be y(5). Let v(i) = 321*i - 6. What is the hundreds digit of v(b)?
6
Let g(q) = -97*q + 2690. What is the thousands digit of g(-4)?
3
Let u = -27 + 29. Let l be (-23 + 0)/((-9)/(-6) - u). Let p = 64 - l. What is the units digit of p?
8
Let t be ((-2)/3)/(-16 + 2674/168). What is the thousands digit of -1102*((-52)/t - -5)?
1
Let u be ((-31 - -2) + -1)*27/(-45). Let a(h) = h**3 - 14*h**2 - 18*h + 12. What is the hundreds digit of a(u)?
9
Let c be (-3 - -3)/(2 - 5)*1. Suppose c*i - 16 = -3*g - 2*i, 3*g - 28 = i. Suppose 0 = -2*d + j + 84, 134 - g = 3*d - j. What is the units digit of d?
2
Let r(w) = -w**3 + 13*w**2 + 69*w - 13. Let z = -624 + 640. What is the hundreds digit of r(z)?
3
Let s be 1/(-2)*4*-1. Suppose 0 = -2*j + 3*a + 388, -4*j - 22 = s*a - 830. What is the units digit of j?
0
Let t be (-2)/(4 - (-546)/(-136)). Let z = t + -46. Let b = z + 42. What is the tens digit of b?
3
Suppose 1056 + 4763 = a. Suppose 2*y + a = 3*o + 1420, 2*y + 1461 = o. What is the tens digit of o?
6
Suppose 3*a - 137 = 262. Suppose -4*q + a = 3*r, 11*q = 9*q + r + 59. What is the units digit of q?
1
Let x(w) be the second derivative of 3*w**5/20 - w**4/4 + w**3/2 + 2*w**2 + 4*w. Suppose 4*j - 5*j + 6 = p, -12 = -4*j. What is the units digit of x(p)?
7
Let a be (0 - -1)/(3*(-8)/(-24)). Let h be (-1696)/(-24)*(8 + a). Suppose 5*l = h + 789. What is the tens digit of l?
8
Let y = 59 - 58. Suppose 5*d = 10, 2*u = 5*d + 1 + y. What is the tens digit of (u/(-4))/((-19)/1406)?
1
Let o = -2545 - -3420. What is the units digit of o?
5
What is